e highest common divisor of q and 1441?
11
Let g = -2998 + 3008. Calculate the greatest common divisor of g and 85.
5
Let i(m) = -m**3 + 20*m**2 + 106*m - 36. Let f be (-224)/(-24)*(-162)/(-63). Let b be i(f). What is the greatest common divisor of b and 36?
12
Let m(y) = -2*y**3 - 15*y**2 - 46*y - 23. Let s be m(-7). Let t = 22 - 12. Calculate the greatest common factor of t and s.
10
Let u = 3226 + -3151. What is the highest common divisor of 1425 and u?
75
Suppose 15 = f - 24. Suppose 98*g + 1530 = 116*g. Let y be (34/g)/((-6)/(-195)). What is the greatest common factor of y and f?
13
Let i = -28 - -44. Let d(h) = -8*h - 28. Let p be d(-6). Suppose 2*v - 28 = -p. What is the greatest common divisor of i and v?
4
Suppose -4*y = -2*h - 2*y + 54, -2*h - 4*y = -30. Let w(n) = 9*n - 174. Let r be w(h). What is the highest common factor of 3 and r?
3
Let v(r) = 74*r**2 - 8*r - 146. Let c be v(-10). What is the greatest common divisor of 76 and c?
38
Let t(c) = -5*c + 2. Let j be t(-3). Suppose x - 59 = -j. Suppose 6963 = 6*v + 6927. Calculate the greatest common factor of x and v.
6
Suppose -5*j = s + 43, -s = 4 - 1. Let m be 80*(-4)/j + 0. Calculate the highest common factor of 15 and m.
5
Let g = -2 + 4. Let i(k) = -k**3 - 36*k**2 - 297*k + 516. Let m be i(-17). Calculate the greatest common divisor of g and m.
2
Let r(z) = 79*z + 643. Let a be r(-8). Suppose 6*g - 2*g - 4 = -3*o, 4*g - 2*o = 24. What is the greatest common divisor of g and a?
1
Suppose 0 = z + 2*z + 231. Let n = 117 + z. Suppose 9*r + 80 = 14*r. Calculate the highest common divisor of r and n.
8
Let n be -70*(2 - 19/10)*(1 - 37). Let b be (56/6)/(1/3). What is the highest common divisor of b and n?
28
Let a = -34 - -111. Let d = 336 + -281. What is the greatest common divisor of a and d?
11
Suppose 280 + 2632 = 12*w - 4*w. What is the greatest common factor of 832 and w?
52
Let o be (-59*1*(-1)/(-3))/(832/(-32448)). Let t(c) = c**3 - c - 1. Let x be t(4). What is the highest common factor of x and o?
59
Suppose -85*x + 13517 = -43778 - 37565. What is the highest common divisor of 496 and x?
124
Let c be 3 - (0 + -5 - -15). Let y be (-30)/(-105) - 201/c. Suppose -5*l = -q + 6*q - 420, -5*l + 4*q = -447. What is the highest common factor of l and y?
29
Let b(m) = 2*m**2 + 17*m - 5. Let i be b(-8). Let c = i + 63. Let j = c + -47. Calculate the greatest common divisor of 3 and j.
3
Suppose -21*v + 449 = -853. Suppose v = 4*q - 5*i, -3*q - 7*i = -6*i - 56. Calculate the highest common factor of q and 6.
6
Let r(j) = j**3 + 5*j**2 - 7*j - 1. Let w be r(-6). Let s = 158 + -164. Let b be (5 + (34 - s))*1. Calculate the greatest common divisor of b and w.
5
Let z = -4 + 4. Let i be (-12)/10 + ((-396)/(-10))/3. Suppose -i = -3*f - z. Calculate the highest common factor of 36 and f.
4
Let t = -9738 - -15938. Calculate the highest common divisor of t and 32.
8
Suppose -x + 4*g + 1 = g, -8 = -3*x + 4*g. Suppose 0 = -9*l + 11*l - 40. Suppose 2*j - l = j. Calculate the greatest common divisor of x and j.
4
Let l be -1 - (-27)/(-1) - -4. Let z be (l/14)/((27/42)/(-3)). What is the greatest common factor of z and 56?
8
Let s = -45 + 46. Suppose 0 = 4*a + 8, -g - 8 = 5*a + 26. Let q be ((15/(-6))/5)/(4/g). What is the greatest common divisor of s and q?
1
Let s = 9831 - 9711. What is the greatest common divisor of 4260 and s?
60
Let s(n) = 10*n + 130. Let o(u) = 2*u**3 - 8*u - 12. Let i be o(-2). Let d be s(i). What is the greatest common factor of d and 50?
10
Suppose 2*k - 3136 + 4422 = 4*i, -9*i - 5*k + 2903 = 0. Let q = -25 + 46. Calculate the highest common divisor of i and q.
7
Suppose 0 = -8*h - 4*h + 1596. Let k = h - 128. Suppose k*y = -y + 2604. What is the highest common factor of y and 62?
62
Suppose -11*k = -196 - 55132 - 57004. What is the highest common divisor of k and 296?
148
Let m = 163 - 108. Let o = -50 + m. Suppose -3*z - o*h + 301 = 0, 5*h + 515 = 6*z - z. Calculate the highest common factor of z and 17.
17
Let j be (-4664)/(-120) - (-1 - 52/(-60)). Let b = -3 + 68. What is the highest common divisor of b and j?
13
Let p(i) = 49*i + 14. Let f be 0 - (-24)/10 - (-174)/290. Let a be p(f). Let g = -77 + a. Calculate the greatest common divisor of g and 12.
12
Suppose 0*j = -5*j - 3*p + 10, -2*j + p + 4 = 0. Let c be (11 + -14)*(j - 43). Calculate the highest common factor of c and 41.
41
Let v be 12*110/99 - (-5)/3. Let g be (24/(-2))/(4/(-10)). Let u be 13/(13/g)*2. Calculate the highest common divisor of u and v.
15
Suppose -2*y - 460*d + 462*d = -3330, 2*y - 3*d - 3331 = 0. Calculate the highest common divisor of 1976 and y.
104
Let g(i) = -i**3 + 16*i**2 + 24*i + 5. Let a be g(16). Let j = a - 380. Calculate the highest common factor of 24 and j.
3
Let l be (-4)/(-14)*(73 - -942). Let q = 386 - l. What is the greatest common factor of q and 132?
12
Let q(f) = f**2 - 15*f + 35. Let z be q(10). Let v be 20/(4/(-3)*z/10). Let o = -147 - -227. What is the greatest common divisor of v and o?
10
Suppose 52*u = 479 - 11. Let o(g) = -g + 2. Let b be o(-2). Let f = b - -5. Calculate the highest common divisor of u and f.
9
Suppose -36*n - 4*x + 484 = -35*n, 0 = 4*n + 5*x - 1958. What is the highest common factor of n and 2132?
164
Let a(x) = x**2 - 7*x + 35. Let i = 14 + -9. Let n be a(i). Let f(l) = 5*l**3 + 5*l**2 - 2*l + 1. Let b be f(3). What is the highest common factor of b and n?
25
Suppose j - 4968 = 4*u - 12554, 4*u - 7604 = -2*j. Calculate the highest common divisor of 65 and u.
13
Let q(a) = a**3 - a + 38. Let c be q(0). Let u = 454 - 449. Suppose u*h - 7 = c. What is the highest common factor of h and 3?
3
Let v be 4 + 69/(-15) - 503/(-5). Let q(m) = 39*m**2 + 4*m + 2. Let x be q(-2). Calculate the greatest common factor of x and v.
50
Suppose -62*a = 74*a + 10*a - 16644. Calculate the highest common divisor of a and 399.
57
Let r be ((1 + 5)/(-3) + 4)*38. Suppose -4*k + r = -16. Calculate the highest common factor of 184 and k.
23
Suppose 0 = 143*r - 8029 + 1402 - 5957. Calculate the highest common factor of 2530 and r.
22
Let p(r) = -4*r + 7. Let w be p(2). Let t be (w - -5) + 0/6. What is the greatest common divisor of 3 and t?
1
Suppose 8*m = -0*m. Suppose m*h = h + h. Suppose h = 28*z - 34*z + 432. What is the highest common divisor of z and 24?
24
Let l be 130/26 - (-1818)/12*2/3. What is the highest common factor of 8374 and l?
106
Let m be 2/4*(0 - 10)*-2. Suppose -138 = -13*q + m*q. Let p = q - 8. What is the highest common divisor of 57 and p?
19
Let h(i) = -16*i + 608. Let c be h(3). Calculate the highest common divisor of 200 and c.
40
Let w(a) = 55*a - 176. Let g be w(12). Calculate the highest common divisor of 121 and g.
121
Let q(b) be the third derivative of 11*b**4/24 - 73*b**3/2 + 100*b**2. Let f be q(20). Calculate the highest common factor of f and 29.
1
Let v(z) = 35*z**2 + 29*z + 14. Let w be v(-2). Calculate the greatest common divisor of w and 168.
24
Suppose -q + 160 = -6*j + 878, -3*q + 6 = 0. What is the highest common divisor of 1500 and j?
60
Let c(n) = 47*n + 2311. Let t be c(-48). What is the greatest common factor of t and 2321?
11
Let x = 312 - 255. Let n be 2001/x - (200/95 - 2). What is the highest common divisor of n and 140?
35
Let z be (-12810)/(-18)*3 + -3. What is the highest common divisor of z and 52?
52
Suppose -2*j - 4*t = -5*t + 3, 3*t - 9 = 3*j. Suppose 2*w = u + 11, w + j - 7 = 2*u. Suppose w*r + 5*r = 190. What is the greatest common factor of 95 and r?
19
Let n(f) = f**3 - 13*f**2 - 17*f + 45. Let m be n(14). Suppose 5*x - 90 = -5*h + x, 0 = m*x + 15. Calculate the highest common divisor of 924 and h.
22
Let c be -975*49/(-42) - (-3 - 3/(-2)). What is the greatest common divisor of c and 402?
67
Let t = 517 + -432. Let y = 45 + t. What is the greatest common factor of 30 and y?
10
Let r be (-2 + 1)/((-175)/163625). What is the highest common divisor of r and 20?
5
Let h(v) = v**2 + 16*v + 43. Let y be h(-13). Suppose -4*r = -y*r + 4*r. Suppose 0 = 5*u - 215 - r. What is the greatest common divisor of u and 86?
43
Suppose -14*u = -1693 - 127. Let d(v) = -v**3 + 9*v**2 + 10*v + 13. Let n = 36 - 26. Let g be d(n). What is the highest common factor of g and u?
13
Suppose -4*s = -5*s. Suppose -g = -6*g + 15. Suppose g